{"id":4846,"date":"2023-04-28T22:30:38","date_gmt":"2023-04-29T03:30:38","guid":{"rendered":"https:\/\/displaypublicitarios.pe\/?post_type=product&#038;p=4846"},"modified":"2025-08-22T15:42:16","modified_gmt":"2025-08-22T20:42:16","slug":"ruleta-publicitario-con-soporte-y-base-metal","status":"publish","type":"product","link":"https:\/\/displaypublicitarios.pe\/?product=ruleta-publicitario-con-soporte-y-base-metal","title":{"rendered":"Ruleta Publicitario MDF con Soporte y Base Metal"},"content":{"rendered":"<p>Fabricaci\u00f3n y distribuci\u00f3n de Ruletas Publicitarios en material MDF con soporte de metal, ideal para su campa\u00f1a de Marketing promocionar un producto o marca, nuestra Ruleta Publicitario es desarmable en 3 partes f\u00e1cil y r\u00e1pido de armar, Ruleta publicitaria al mejor precio, Su publicidad impreso alta resoluci\u00f3n y plastificado mate.<\/p>\n<hr \/>\n<p><img fetchpriority=\"high\" decoding=\"async\" class=\"alignnone wp-image-5194\" src=\"https:\/\/displaypublicitarios.pe\/wp-content\/uploads\/2023\/04\/ruletas-publicitarios-1-230x300.jpg\" alt=\"\" width=\"314\" height=\"410\" srcset=\"https:\/\/displaypublicitarios.pe\/wp-content\/uploads\/2023\/04\/ruletas-publicitarios-1-230x300.jpg 230w, https:\/\/displaypublicitarios.pe\/wp-content\/uploads\/2023\/04\/ruletas-publicitarios-1-300x392.jpg 300w, https:\/\/displaypublicitarios.pe\/wp-content\/uploads\/2023\/04\/ruletas-publicitarios-1-600x784.jpg 600w, https:\/\/displaypublicitarios.pe\/wp-content\/uploads\/2023\/04\/ruletas-publicitarios-1.jpg 630w\" sizes=\"(max-width: 314px) 100vw, 314px\" \/><img decoding=\"async\" class=\"alignnone wp-image-5193\" src=\"https:\/\/displaypublicitarios.pe\/wp-content\/uploads\/2023\/04\/ruleta-publicitario-mdf-1-230x300.jpg\" alt=\"\" width=\"308\" height=\"402\" srcset=\"https:\/\/displaypublicitarios.pe\/wp-content\/uploads\/2023\/04\/ruleta-publicitario-mdf-1-230x300.jpg 230w, https:\/\/displaypublicitarios.pe\/wp-content\/uploads\/2023\/04\/ruleta-publicitario-mdf-1-300x392.jpg 300w, https:\/\/displaypublicitarios.pe\/wp-content\/uploads\/2023\/04\/ruleta-publicitario-mdf-1-600x784.jpg 600w, https:\/\/displaypublicitarios.pe\/wp-content\/uploads\/2023\/04\/ruleta-publicitario-mdf-1.jpg 630w\" sizes=\"(max-width: 308px) 100vw, 308px\" \/><img decoding=\"async\" class=\"alignnone wp-image-5192\" src=\"https:\/\/displaypublicitarios.pe\/wp-content\/uploads\/2023\/04\/ruleta-publicitario-desarmable-1-230x300.jpg\" alt=\"\" width=\"313\" height=\"409\" srcset=\"https:\/\/displaypublicitarios.pe\/wp-content\/uploads\/2023\/04\/ruleta-publicitario-desarmable-1-230x300.jpg 230w, https:\/\/displaypublicitarios.pe\/wp-content\/uploads\/2023\/04\/ruleta-publicitario-desarmable-1-300x392.jpg 300w, https:\/\/displaypublicitarios.pe\/wp-content\/uploads\/2023\/04\/ruleta-publicitario-desarmable-1-600x784.jpg 600w, https:\/\/displaypublicitarios.pe\/wp-content\/uploads\/2023\/04\/ruleta-publicitario-desarmable-1.jpg 630w\" sizes=\"(max-width: 313px) 100vw, 313px\" \/><\/p>\n<hr \/>\n<div style=\"width: 478px;\" class=\"wp-video\"><video class=\"wp-video-shortcode\" id=\"video-4846-1\" width=\"478\" height=\"850\" preload=\"metadata\" controls=\"controls\"><source type=\"video\/mp4\" src=\"https:\/\/displaypublicitarios.pe\/wp-content\/uploads\/2023\/04\/WhatsApp-Video-2025-08-21-at-5.47.43-PM.mp4?_=1\" \/><a href=\"https:\/\/displaypublicitarios.pe\/wp-content\/uploads\/2023\/04\/WhatsApp-Video-2025-08-21-at-5.47.43-PM.mp4\">https:\/\/displaypublicitarios.pe\/wp-content\/uploads\/2023\/04\/WhatsApp-Video-2025-08-21-at-5.47.43-PM.mp4<\/a><\/video><\/div>\n<hr \/>\n<p><span style=\"color: #ff6600;\"><strong>\ud835\udde0\ud835\uddd8\ud835\uddd7\ud835\udddc\ud835\uddd7\ud835\uddd4\ud835\udde6<\/strong><strong>:<\/strong><\/span><br \/>\nParte Giratorio: 68x68cm<br \/>\nParte Central: 40cm x 120cm<br \/>\nParte Base: 40x40cm<br \/>\nAltura Total: 1,85cm<\/p>\n<p><span style=\"color: #ff6600;\"><strong>\ud835\uddd6\ud835\uddd4\ud835\udde5\ud835\uddd4\ud835\uddd6\ud835\udde7\ud835\uddd8\ud835\udde5<\/strong><strong>\u00cd<\/strong><strong>\ud835\udde6\ud835\udde7\ud835\udddc\ud835\uddd6\ud835\uddd4\ud835\udde6<\/strong><strong>:<\/strong><\/span><br \/>\nProducto: Nacional<br \/>\nOrigen: PER\u00da<br \/>\nSoporte Vertical y base de Metal<br \/>\nMaterial: MDF (prensado de madera)<br \/>\nEspesor MDF: 3mm<br \/>\nProfundidad: 40cm<br \/>\nPeso aprox: 5Kg.<br \/>\nDesarmable de 3 partes<\/p>\n","protected":false},"excerpt":{"rendered":"<p>Ruleta Publicitario Port\u00e1til Personalizable perfecta para activaci\u00f3n de campa\u00f1as de Marketing, sorteos, ferias y diferentes eventos corporativos. Incluye impresi\u00f3n de buena resoluci\u00f3n con laminado Mate.<\/p>\n<p>&#8211; Venta por Internet.<br \/>\n&#8211; Stock Disponible.<br \/>\n&#8211; Incluye Impresi\u00f3n Publicidad.<br \/>\n&#8211; R\u00e1pido y f\u00e1cil armado.<\/p>\n<p><a href=\"https:\/\/api.whatsapp.com\/send\/?phone=51908844960&amp;text=%C2%A1Hola+Display+Publicitarios%21%0ASolicito+cotizaci%C3%B3n+de+%2ARuleta+Publicitario+con+Soporte+y+Base+Metal%2A.%0Ahttps%3A%2F%2Fdisplaypublicitarios.pe%2F%3Fproduct%3Druleta-publicitario-con-soporte-y-base-metal\"><img loading=\"lazy\" decoding=\"async\" class=\"alignnone wp-image-4682\" src=\"https:\/\/displaypublicitarios.pe\/wp-content\/uploads\/2018\/06\/boton-cotizacion-300x46.png\" alt=\"\" width=\"274\" height=\"42\" srcset=\"https:\/\/displaypublicitarios.pe\/wp-content\/uploads\/2018\/06\/boton-cotizacion-300x46.png 300w, https:\/\/displaypublicitarios.pe\/wp-content\/uploads\/2018\/06\/boton-cotizacion-1024x157.png 1024w, https:\/\/displaypublicitarios.pe\/wp-content\/uploads\/2018\/06\/boton-cotizacion-768x117.png 768w, https:\/\/displaypublicitarios.pe\/wp-content\/uploads\/2018\/06\/boton-cotizacion-600x92.png 600w, https:\/\/displaypublicitarios.pe\/wp-content\/uploads\/2018\/06\/boton-cotizacion.png 1086w\" sizes=\"(max-width: 274px) 100vw, 274px\" \/><\/a><\/p>\n<p><img loading=\"lazy\" decoding=\"async\" class=\"alignnone size-full wp-image-4678\" src=\"https:\/\/displaypublicitarios.pe\/wp-content\/uploads\/2018\/06\/proteccion.png\" alt=\"\" width=\"37\" height=\"43\" \/> Producto con garant\u00eda de entrega.\u00a0 \u00a0 <img loading=\"lazy\" decoding=\"async\" class=\"alignnone wp-image-4693\" src=\"https:\/\/displaypublicitarios.pe\/wp-content\/uploads\/2018\/06\/envios-delivery.png\" alt=\"\" width=\"46\" height=\"27\" \/>\u00a0Env\u00edos a todo el Per\u00fa.<\/p>\n","protected":false},"featured_media":5197,"template":"","meta":{"_uag_custom_page_level_css":"","site-sidebar-layout":"default","site-content-layout":"default","ast-site-content-layout":"default","site-content-style":"default","site-sidebar-style":"default","ast-global-header-display":"","ast-banner-title-visibility":"","ast-main-header-display":"","ast-hfb-above-header-display":"","ast-hfb-below-header-display":"","ast-hfb-mobile-header-display":"","site-post-title":"","ast-breadcrumbs-content":"","ast-featured-img":"","footer-sml-layout":"","theme-transparent-header-meta":"default","adv-header-id-meta":"","stick-header-meta":"","header-above-stick-meta":"","header-main-stick-meta":"","header-below-stick-meta":"","astra-migrate-meta-layouts":"set","ast-page-background-enabled":"default","ast-page-background-meta":{"desktop":{"background-color":"","background-image":"","background-repeat":"repeat","background-position":"center center","background-size":"auto","background-attachment":"scroll","background-type":"","background-media":"","overlay-type":"","overlay-color":"","overlay-gradient":""},"tablet":{"background-color":"","background-image":"","background-repeat":"repeat","background-position":"center center","background-size":"auto","background-attachment":"scroll","background-type":"","background-media":"","overlay-type":"","overlay-color":"","overlay-gradient":""},"mobile":{"background-color":"","background-image":"","background-repeat":"repeat","background-position":"center center","background-size":"auto","background-attachment":"scroll","background-type":"","background-media":"","overlay-type":"","overlay-color":"","overlay-gradient":""}},"ast-content-background-meta":{"desktop":{"background-color":"var(--ast-global-color-5)","background-image":"","background-repeat":"repeat","background-position":"center center","background-size":"auto","background-attachment":"scroll","background-type":"","background-media":"","overlay-type":"","overlay-color":"","overlay-gradient":""},"tablet":{"background-color":"var(--ast-global-color-5)","background-image":"","background-repeat":"repeat","background-position":"center center","background-size":"auto","background-attachment":"scroll","background-type":"","background-media":"","overlay-type":"","overlay-color":"","overlay-gradient":""},"mobile":{"background-color":"var(--ast-global-color-5)","background-image":"","background-repeat":"repeat","background-position":"center center","background-size":"auto","background-attachment":"scroll","background-type":"","background-media":"","overlay-type":"","overlay-color":"","overlay-gradient":""}},"_joinchat":{"telephone":"+51908844960","message_send":"\u00a1Hola {SITE}!\nSolicito cotizaci\u00f3n de *{PRODUCT}*.\n{HREF}"}},"product_brand":[],"product_cat":[102],"product_tag":[],"class_list":{"0":"post-4846","1":"product","2":"type-product","3":"status-publish","4":"has-post-thumbnail","6":"product_cat-ruletas-publicitarias","7":"desktop-align-center","8":"tablet-align-center","9":"mobile-align-center","11":"first","12":"instock","13":"featured","14":"shipping-taxable","15":"product-type-simple"},"yoast_head":"<!-- This site is optimized with the Yoast SEO plugin v26.6 - https:\/\/yoast.com\/wordpress\/plugins\/seo\/ -->\n<title>Ruleta Publicitario MDF con Soporte y Base Metal - Display Publicitarios<\/title>\n<meta name=\"description\" content=\"Ruleta Publicitario MDF Port\u00e1til Personalizable perfecta para la activaci\u00f3n de campa\u00f1as de Marketing, sorteos, eventos y m\u00e1s. \u00a1Cotiza aqu\u00ed! +51 908844960\" \/>\n<meta name=\"robots\" content=\"index, follow, max-snippet:-1, max-image-preview:large, max-video-preview:-1\" \/>\n<link rel=\"canonical\" href=\"https:\/\/displaypublicitarios.pe\/?product=ruleta-publicitario-con-soporte-y-base-metal\" \/>\n<meta property=\"og:locale\" content=\"es_ES\" \/>\n<meta property=\"og:type\" content=\"article\" \/>\n<meta property=\"og:title\" content=\"RULETAS PUBLICITARIOS EN MDF\" \/>\n<meta property=\"og:description\" content=\"Ruleta Publicitario Port\u00e1til Personalizable perfecta para activaci\u00f3n de campa\u00f1as de Marketing, sorteos, ferias y diferentes eventos corporativos. Incluye impresi\u00f3n de buena resoluci\u00f3n con laminado Mate.\" \/>\n<meta property=\"og:url\" content=\"https:\/\/displaypublicitarios.pe\/?product=ruleta-publicitario-con-soporte-y-base-metal\" \/>\n<meta property=\"og:site_name\" content=\"Display Publicitarios\" \/>\n<meta property=\"article:publisher\" content=\"https:\/\/www.facebook.com\/parantespublicitarios?ref=hl\" \/>\n<meta property=\"article:modified_time\" content=\"2025-08-22T20:42:16+00:00\" \/>\n<meta name=\"twitter:card\" content=\"summary_large_image\" \/>\n<meta name=\"twitter:image\" content=\"https:\/\/displaypublicitarios.pe\/wp-content\/uploads\/2023\/04\/ruletapublicitario-mdf.jpg\" \/>\n<meta name=\"twitter:label1\" content=\"Tiempo de lectura\" \/>\n\t<meta name=\"twitter:data1\" content=\"2 minutos\" \/>\n<script type=\"application\/ld+json\" class=\"yoast-schema-graph\">{\"@context\":\"https:\/\/schema.org\",\"@graph\":[{\"@type\":\"WebPage\",\"@id\":\"https:\/\/displaypublicitarios.pe\/?product=ruleta-publicitario-con-soporte-y-base-metal\",\"url\":\"https:\/\/displaypublicitarios.pe\/?product=ruleta-publicitario-con-soporte-y-base-metal\",\"name\":\"Ruleta Publicitario MDF con Soporte y Base Metal - Display Publicitarios\",\"isPartOf\":{\"@id\":\"https:\/\/displaypublicitarios.pe\/#website\"},\"primaryImageOfPage\":{\"@id\":\"https:\/\/displaypublicitarios.pe\/?product=ruleta-publicitario-con-soporte-y-base-metal#primaryimage\"},\"image\":{\"@id\":\"https:\/\/displaypublicitarios.pe\/?product=ruleta-publicitario-con-soporte-y-base-metal#primaryimage\"},\"thumbnailUrl\":\"https:\/\/displaypublicitarios.pe\/wp-content\/uploads\/2023\/04\/ruletapublicitario-mdf.jpg\",\"datePublished\":\"2023-04-29T03:30:38+00:00\",\"dateModified\":\"2025-08-22T20:42:16+00:00\",\"description\":\"Ruleta Publicitario MDF Port\u00e1til Personalizable perfecta para la activaci\u00f3n de campa\u00f1as de Marketing, sorteos, eventos y m\u00e1s. \u00a1Cotiza aqu\u00ed! +51 908844960\",\"breadcrumb\":{\"@id\":\"https:\/\/displaypublicitarios.pe\/?product=ruleta-publicitario-con-soporte-y-base-metal#breadcrumb\"},\"inLanguage\":\"es\",\"potentialAction\":[{\"@type\":\"ReadAction\",\"target\":[\"https:\/\/displaypublicitarios.pe\/?product=ruleta-publicitario-con-soporte-y-base-metal\"]}]},{\"@type\":\"ImageObject\",\"inLanguage\":\"es\",\"@id\":\"https:\/\/displaypublicitarios.pe\/?product=ruleta-publicitario-con-soporte-y-base-metal#primaryimage\",\"url\":\"https:\/\/displaypublicitarios.pe\/wp-content\/uploads\/2023\/04\/ruletapublicitario-mdf.jpg\",\"contentUrl\":\"https:\/\/displaypublicitarios.pe\/wp-content\/uploads\/2023\/04\/ruletapublicitario-mdf.jpg\",\"width\":836,\"height\":1111,\"caption\":\"ruleta publicitario mdf\"},{\"@type\":\"BreadcrumbList\",\"@id\":\"https:\/\/displaypublicitarios.pe\/?product=ruleta-publicitario-con-soporte-y-base-metal#breadcrumb\",\"itemListElement\":[{\"@type\":\"ListItem\",\"position\":1,\"name\":\"Shop\",\"item\":\"https:\/\/displaypublicitarios.pe\/?page_id=401\"},{\"@type\":\"ListItem\",\"position\":2,\"name\":\"Ruleta Publicitario MDF con Soporte y Base Metal\"}]},{\"@type\":\"WebSite\",\"@id\":\"https:\/\/displaypublicitarios.pe\/#website\",\"url\":\"https:\/\/displaypublicitarios.pe\/\",\"name\":\"Display Publicitarios\",\"description\":\"Backing Publicitarios - Modulos pvc - Roll screen - Toldos plegables - Pizarra Led\",\"publisher\":{\"@id\":\"https:\/\/displaypublicitarios.pe\/#organization\"},\"potentialAction\":[{\"@type\":\"SearchAction\",\"target\":{\"@type\":\"EntryPoint\",\"urlTemplate\":\"https:\/\/displaypublicitarios.pe\/?s={search_term_string}\"},\"query-input\":{\"@type\":\"PropertyValueSpecification\",\"valueRequired\":true,\"valueName\":\"search_term_string\"}}],\"inLanguage\":\"es\"},{\"@type\":\"Organization\",\"@id\":\"https:\/\/displaypublicitarios.pe\/#organization\",\"name\":\"Display Publicitarios\",\"url\":\"https:\/\/displaypublicitarios.pe\/\",\"logo\":{\"@type\":\"ImageObject\",\"inLanguage\":\"es\",\"@id\":\"https:\/\/displaypublicitarios.pe\/#\/schema\/logo\/image\/\",\"url\":\"https:\/\/displaypublicitarios.pe\/wp-content\/uploads\/2023\/04\/Recurso-1.png\",\"contentUrl\":\"https:\/\/displaypublicitarios.pe\/wp-content\/uploads\/2023\/04\/Recurso-1.png\",\"width\":244,\"height\":73,\"caption\":\"Display Publicitarios\"},\"image\":{\"@id\":\"https:\/\/displaypublicitarios.pe\/#\/schema\/logo\/image\/\"},\"sameAs\":[\"https:\/\/www.facebook.com\/parantespublicitarios?ref=hl\"]}]}<\/script>\n<!-- \/ Yoast SEO plugin. -->","yoast_head_json":{"title":"Ruleta Publicitario MDF con Soporte y Base Metal - Display Publicitarios","description":"Ruleta Publicitario MDF Port\u00e1til Personalizable perfecta para la activaci\u00f3n de campa\u00f1as de Marketing, sorteos, eventos y m\u00e1s. \u00a1Cotiza aqu\u00ed! +51 908844960","robots":{"index":"index","follow":"follow","max-snippet":"max-snippet:-1","max-image-preview":"max-image-preview:large","max-video-preview":"max-video-preview:-1"},"canonical":"https:\/\/displaypublicitarios.pe\/?product=ruleta-publicitario-con-soporte-y-base-metal","og_locale":"es_ES","og_type":"article","og_title":"RULETAS PUBLICITARIOS EN MDF","og_description":"Ruleta Publicitario Port\u00e1til Personalizable perfecta para activaci\u00f3n de campa\u00f1as de Marketing, sorteos, ferias y diferentes eventos corporativos. Incluye impresi\u00f3n de buena resoluci\u00f3n con laminado Mate.","og_url":"https:\/\/displaypublicitarios.pe\/?product=ruleta-publicitario-con-soporte-y-base-metal","og_site_name":"Display Publicitarios","article_publisher":"https:\/\/www.facebook.com\/parantespublicitarios?ref=hl","article_modified_time":"2025-08-22T20:42:16+00:00","twitter_card":"summary_large_image","twitter_image":"https:\/\/displaypublicitarios.pe\/wp-content\/uploads\/2023\/04\/ruletapublicitario-mdf.jpg","twitter_misc":{"Tiempo de lectura":"2 minutos"},"schema":{"@context":"https:\/\/schema.org","@graph":[{"@type":"WebPage","@id":"https:\/\/displaypublicitarios.pe\/?product=ruleta-publicitario-con-soporte-y-base-metal","url":"https:\/\/displaypublicitarios.pe\/?product=ruleta-publicitario-con-soporte-y-base-metal","name":"Ruleta Publicitario MDF con Soporte y Base Metal - Display Publicitarios","isPartOf":{"@id":"https:\/\/displaypublicitarios.pe\/#website"},"primaryImageOfPage":{"@id":"https:\/\/displaypublicitarios.pe\/?product=ruleta-publicitario-con-soporte-y-base-metal#primaryimage"},"image":{"@id":"https:\/\/displaypublicitarios.pe\/?product=ruleta-publicitario-con-soporte-y-base-metal#primaryimage"},"thumbnailUrl":"https:\/\/displaypublicitarios.pe\/wp-content\/uploads\/2023\/04\/ruletapublicitario-mdf.jpg","datePublished":"2023-04-29T03:30:38+00:00","dateModified":"2025-08-22T20:42:16+00:00","description":"Ruleta Publicitario MDF Port\u00e1til Personalizable perfecta para la activaci\u00f3n de campa\u00f1as de Marketing, sorteos, eventos y m\u00e1s. \u00a1Cotiza aqu\u00ed! +51 908844960","breadcrumb":{"@id":"https:\/\/displaypublicitarios.pe\/?product=ruleta-publicitario-con-soporte-y-base-metal#breadcrumb"},"inLanguage":"es","potentialAction":[{"@type":"ReadAction","target":["https:\/\/displaypublicitarios.pe\/?product=ruleta-publicitario-con-soporte-y-base-metal"]}]},{"@type":"ImageObject","inLanguage":"es","@id":"https:\/\/displaypublicitarios.pe\/?product=ruleta-publicitario-con-soporte-y-base-metal#primaryimage","url":"https:\/\/displaypublicitarios.pe\/wp-content\/uploads\/2023\/04\/ruletapublicitario-mdf.jpg","contentUrl":"https:\/\/displaypublicitarios.pe\/wp-content\/uploads\/2023\/04\/ruletapublicitario-mdf.jpg","width":836,"height":1111,"caption":"ruleta publicitario mdf"},{"@type":"BreadcrumbList","@id":"https:\/\/displaypublicitarios.pe\/?product=ruleta-publicitario-con-soporte-y-base-metal#breadcrumb","itemListElement":[{"@type":"ListItem","position":1,"name":"Shop","item":"https:\/\/displaypublicitarios.pe\/?page_id=401"},{"@type":"ListItem","position":2,"name":"Ruleta Publicitario MDF con Soporte y Base Metal"}]},{"@type":"WebSite","@id":"https:\/\/displaypublicitarios.pe\/#website","url":"https:\/\/displaypublicitarios.pe\/","name":"Display Publicitarios","description":"Backing Publicitarios - Modulos pvc - Roll screen - Toldos plegables - Pizarra Led","publisher":{"@id":"https:\/\/displaypublicitarios.pe\/#organization"},"potentialAction":[{"@type":"SearchAction","target":{"@type":"EntryPoint","urlTemplate":"https:\/\/displaypublicitarios.pe\/?s={search_term_string}"},"query-input":{"@type":"PropertyValueSpecification","valueRequired":true,"valueName":"search_term_string"}}],"inLanguage":"es"},{"@type":"Organization","@id":"https:\/\/displaypublicitarios.pe\/#organization","name":"Display Publicitarios","url":"https:\/\/displaypublicitarios.pe\/","logo":{"@type":"ImageObject","inLanguage":"es","@id":"https:\/\/displaypublicitarios.pe\/#\/schema\/logo\/image\/","url":"https:\/\/displaypublicitarios.pe\/wp-content\/uploads\/2023\/04\/Recurso-1.png","contentUrl":"https:\/\/displaypublicitarios.pe\/wp-content\/uploads\/2023\/04\/Recurso-1.png","width":244,"height":73,"caption":"Display Publicitarios"},"image":{"@id":"https:\/\/displaypublicitarios.pe\/#\/schema\/logo\/image\/"},"sameAs":["https:\/\/www.facebook.com\/parantespublicitarios?ref=hl"]}]}},"uagb_featured_image_src":{"full":["https:\/\/displaypublicitarios.pe\/wp-content\/uploads\/2023\/04\/ruletapublicitario-mdf.jpg",836,1111,false],"thumbnail":["https:\/\/displaypublicitarios.pe\/wp-content\/uploads\/2023\/04\/ruletapublicitario-mdf-150x150.jpg",150,150,true],"medium":["https:\/\/displaypublicitarios.pe\/wp-content\/uploads\/2023\/04\/ruletapublicitario-mdf-226x300.jpg",226,300,true],"medium_large":["https:\/\/displaypublicitarios.pe\/wp-content\/uploads\/2023\/04\/ruletapublicitario-mdf-768x1021.jpg",768,1021,true],"large":["https:\/\/displaypublicitarios.pe\/wp-content\/uploads\/2023\/04\/ruletapublicitario-mdf-771x1024.jpg",771,1024,true],"1536x1536":["https:\/\/displaypublicitarios.pe\/wp-content\/uploads\/2023\/04\/ruletapublicitario-mdf.jpg",836,1111,false],"2048x2048":["https:\/\/displaypublicitarios.pe\/wp-content\/uploads\/2023\/04\/ruletapublicitario-mdf.jpg",836,1111,false],"woocommerce_thumbnail":["https:\/\/displaypublicitarios.pe\/wp-content\/uploads\/2023\/04\/ruletapublicitario-mdf-300x399.jpg",300,399,true],"woocommerce_single":["https:\/\/displaypublicitarios.pe\/wp-content\/uploads\/2023\/04\/ruletapublicitario-mdf-600x797.jpg",600,797,true],"woocommerce_gallery_thumbnail":["https:\/\/displaypublicitarios.pe\/wp-content\/uploads\/2023\/04\/ruletapublicitario-mdf-100x100.jpg",100,100,true]},"uagb_author_info":{"display_name":"admin","author_link":"https:\/\/displaypublicitarios.pe\/?author=0"},"uagb_comment_info":0,"uagb_excerpt":"Ruleta Publicitario Port\u00e1til Personalizable perfecta para activaci\u00f3n de campa\u00f1as de Marketing, sorteos, ferias y diferentes eventos corporativos. Incluye impresi\u00f3n de buena resoluci\u00f3n con laminado Mate. - Venta por Internet. - Stock Disponible. - Incluye Impresi\u00f3n Publicidad. - R\u00e1pido y f\u00e1cil armado. Producto con garant\u00eda de entrega.\u00a0 \u00a0 \u00a0Env\u00edos a todo el Per\u00fa.","_links":{"self":[{"href":"https:\/\/displaypublicitarios.pe\/index.php?rest_route=\/wp\/v2\/product\/4846","targetHints":{"allow":["GET"]}}],"collection":[{"href":"https:\/\/displaypublicitarios.pe\/index.php?rest_route=\/wp\/v2\/product"}],"about":[{"href":"https:\/\/displaypublicitarios.pe\/index.php?rest_route=\/wp\/v2\/types\/product"}],"wp:featuredmedia":[{"embeddable":true,"href":"https:\/\/displaypublicitarios.pe\/index.php?rest_route=\/wp\/v2\/media\/5197"}],"wp:attachment":[{"href":"https:\/\/displaypublicitarios.pe\/index.php?rest_route=%2Fwp%2Fv2%2Fmedia&parent=4846"}],"wp:term":[{"taxonomy":"product_brand","embeddable":true,"href":"https:\/\/displaypublicitarios.pe\/index.php?rest_route=%2Fwp%2Fv2%2Fproduct_brand&post=4846"},{"taxonomy":"product_cat","embeddable":true,"href":"https:\/\/displaypublicitarios.pe\/index.php?rest_route=%2Fwp%2Fv2%2Fproduct_cat&post=4846"},{"taxonomy":"product_tag","embeddable":true,"href":"https:\/\/displaypublicitarios.pe\/index.php?rest_route=%2Fwp%2Fv2%2Fproduct_tag&post=4846"}],"curies":[{"name":"wp","href":"https:\/\/api.w.org\/{rel}","templated":true}]}}